{"id":1173,"date":"2024-08-05T13:28:45","date_gmt":"2024-08-05T13:28:45","guid":{"rendered":"https:\/\/archline.ch\/?page_id=1173"},"modified":"2025-02-14T11:30:21","modified_gmt":"2025-02-14T11:30:21","slug":"dessins-dossier-de-concours-darchitecture","status":"publish","type":"page","link":"https:\/\/archline.ch\/index.php\/dessins-dossier-de-concours-darchitecture\/","title":{"rendered":"Dossier de concours"},"content":{"rendered":"\n<p>Ayant particip\u00e9 aux plusieurs projets d&rsquo;architecture nous assistons au d\u00e9veloppement des dessins pour le dossier de concours d&rsquo;architecture  selon vos croquis.<\/p>\n\n\n\n<p>Un forfait sp\u00e9cial de 1790.- existe pour la r\u00e9alisation du dossier de concours en architecture.<\/p>\n\n\n\n<figure class=\"wp-block-gallery has-nested-images columns-default is-cropped wp-block-gallery-1 is-layout-flex wp-block-gallery-is-layout-flex\">\n<figure class=\"wp-block-image size-large\"><img loading=\"lazy\" decoding=\"async\" width=\"719\" height=\"1024\" data-id=\"1035\" src=\"https:\/\/archline.ch\/wp-content\/uploads\/2021\/12\/Phare-de-Gene\u0300ve-plans-coupes-situation-719x1024.jpg\" alt=\"\" class=\"wp-image-1035\" srcset=\"https:\/\/archline.ch\/wp-content\/uploads\/2021\/12\/Phare-de-Gene\u0300ve-plans-coupes-situation-719x1024.jpg 719w, https:\/\/archline.ch\/wp-content\/uploads\/2021\/12\/Phare-de-Gene\u0300ve-plans-coupes-situation-211x300.jpg 211w, https:\/\/archline.ch\/wp-content\/uploads\/2021\/12\/Phare-de-Gene\u0300ve-plans-coupes-situation-768x1093.jpg 768w, https:\/\/archline.ch\/wp-content\/uploads\/2021\/12\/Phare-de-Gene\u0300ve-plans-coupes-situation-1200x1708.jpg 1200w\" sizes=\"(max-width: 719px) 100vw, 719px\" \/><\/figure>\n\n\n\n<figure class=\"wp-block-image size-large\"><img loading=\"lazy\" decoding=\"async\" width=\"1024\" height=\"431\" data-id=\"1033\" src=\"https:\/\/archline.ch\/wp-content\/uploads\/2021\/12\/Phare-de-Gene\u0300ve-coupes-deux-1024x431.jpg\" alt=\"\" class=\"wp-image-1033\" srcset=\"https:\/\/archline.ch\/wp-content\/uploads\/2021\/12\/Phare-de-Gene\u0300ve-coupes-deux-1024x431.jpg 1024w, https:\/\/archline.ch\/wp-content\/uploads\/2021\/12\/Phare-de-Gene\u0300ve-coupes-deux-300x126.jpg 300w, https:\/\/archline.ch\/wp-content\/uploads\/2021\/12\/Phare-de-Gene\u0300ve-coupes-deux-768x323.jpg 768w, https:\/\/archline.ch\/wp-content\/uploads\/2021\/12\/Phare-de-Gene\u0300ve-coupes-deux-1200x505.jpg 1200w\" sizes=\"(max-width: 1024px) 100vw, 1024px\" \/><\/figure>\n\n\n\n<figure class=\"wp-block-image size-large\"><img loading=\"lazy\" decoding=\"async\" width=\"1024\" height=\"609\" data-id=\"1027\" src=\"https:\/\/archline.ch\/wp-content\/uploads\/2021\/12\/Phare-page-image-1-1024x609.jpg\" alt=\"\" class=\"wp-image-1027\" srcset=\"https:\/\/archline.ch\/wp-content\/uploads\/2021\/12\/Phare-page-image-1-1024x609.jpg 1024w, https:\/\/archline.ch\/wp-content\/uploads\/2021\/12\/Phare-page-image-1-300x178.jpg 300w, https:\/\/archline.ch\/wp-content\/uploads\/2021\/12\/Phare-page-image-1-768x457.jpg 768w, https:\/\/archline.ch\/wp-content\/uploads\/2021\/12\/Phare-page-image-1-1200x714.jpg 1200w\" sizes=\"(max-width: 1024px) 100vw, 1024px\" \/><figcaption class=\"wp-element-caption\">Phare de Gen\u00e8ve vue d&rsquo;ensemble 1<\/figcaption><\/figure>\n\n\n\n<figure class=\"wp-block-image size-large\"><img loading=\"lazy\" decoding=\"async\" width=\"1024\" height=\"416\" data-id=\"1031\" src=\"https:\/\/archline.ch\/wp-content\/uploads\/2021\/12\/Phare-de-Gene\u0300ve-coupes-1024x416.jpg\" alt=\"\" class=\"wp-image-1031\" srcset=\"https:\/\/archline.ch\/wp-content\/uploads\/2021\/12\/Phare-de-Gene\u0300ve-coupes-1024x416.jpg 1024w, https:\/\/archline.ch\/wp-content\/uploads\/2021\/12\/Phare-de-Gene\u0300ve-coupes-300x122.jpg 300w, https:\/\/archline.ch\/wp-content\/uploads\/2021\/12\/Phare-de-Gene\u0300ve-coupes-768x312.jpg 768w, https:\/\/archline.ch\/wp-content\/uploads\/2021\/12\/Phare-de-Gene\u0300ve-coupes-1200x487.jpg 1200w\" sizes=\"(max-width: 1024px) 100vw, 1024px\" \/><\/figure>\n\n\n\n<figure class=\"wp-block-image size-large\"><img loading=\"lazy\" decoding=\"async\" width=\"1024\" height=\"862\" data-id=\"1020\" src=\"https:\/\/archline.ch\/wp-content\/uploads\/2021\/09\/Primarschule-1024x862.jpg\" alt=\"\" class=\"wp-image-1020\" srcset=\"https:\/\/archline.ch\/wp-content\/uploads\/2021\/09\/Primarschule-1024x862.jpg 1024w, https:\/\/archline.ch\/wp-content\/uploads\/2021\/09\/Primarschule-300x252.jpg 300w, https:\/\/archline.ch\/wp-content\/uploads\/2021\/09\/Primarschule-768x646.jpg 768w, https:\/\/archline.ch\/wp-content\/uploads\/2021\/09\/Primarschule-1200x1010.jpg 1200w, https:\/\/archline.ch\/wp-content\/uploads\/2021\/09\/Primarschule.jpg 1604w\" sizes=\"(max-width: 1024px) 100vw, 1024px\" \/><\/figure>\n\n\n\n<figure class=\"wp-block-image size-large\"><img loading=\"lazy\" decoding=\"async\" width=\"1024\" height=\"640\" data-id=\"1044\" src=\"https:\/\/archline.ch\/wp-content\/uploads\/2022\/02\/Projet-Colle\u0300ge-Latin-3-1024x640.jpg\" alt=\"\" class=\"wp-image-1044\" srcset=\"https:\/\/archline.ch\/wp-content\/uploads\/2022\/02\/Projet-Colle\u0300ge-Latin-3-1024x640.jpg 1024w, https:\/\/archline.ch\/wp-content\/uploads\/2022\/02\/Projet-Colle\u0300ge-Latin-3-300x188.jpg 300w, https:\/\/archline.ch\/wp-content\/uploads\/2022\/02\/Projet-Colle\u0300ge-Latin-3-768x480.jpg 768w, https:\/\/archline.ch\/wp-content\/uploads\/2022\/02\/Projet-Colle\u0300ge-Latin-3-1200x750.jpg 1200w\" sizes=\"(max-width: 1024px) 100vw, 1024px\" \/><\/figure>\n\n\n\n<figure class=\"wp-block-image size-large\"><img loading=\"lazy\" decoding=\"async\" width=\"1024\" height=\"640\" data-id=\"1042\" src=\"https:\/\/archline.ch\/wp-content\/uploads\/2022\/02\/Projet-Colle\u0300ge-Latin-2-1024x640.jpg\" alt=\"\" class=\"wp-image-1042\" srcset=\"https:\/\/archline.ch\/wp-content\/uploads\/2022\/02\/Projet-Colle\u0300ge-Latin-2-1024x640.jpg 1024w, https:\/\/archline.ch\/wp-content\/uploads\/2022\/02\/Projet-Colle\u0300ge-Latin-2-300x188.jpg 300w, https:\/\/archline.ch\/wp-content\/uploads\/2022\/02\/Projet-Colle\u0300ge-Latin-2-768x480.jpg 768w, https:\/\/archline.ch\/wp-content\/uploads\/2022\/02\/Projet-Colle\u0300ge-Latin-2-1200x750.jpg 1200w\" sizes=\"(max-width: 1024px) 100vw, 1024px\" \/><\/figure>\n\n\n\n<figure class=\"wp-block-image size-large\"><img loading=\"lazy\" decoding=\"async\" width=\"1024\" height=\"640\" data-id=\"1040\" src=\"https:\/\/archline.ch\/wp-content\/uploads\/2022\/02\/Projet-Colle\u0300ge-Latin-1-1024x640.jpg\" alt=\"\" class=\"wp-image-1040\" srcset=\"https:\/\/archline.ch\/wp-content\/uploads\/2022\/02\/Projet-Colle\u0300ge-Latin-1-1024x640.jpg 1024w, https:\/\/archline.ch\/wp-content\/uploads\/2022\/02\/Projet-Colle\u0300ge-Latin-1-300x188.jpg 300w, https:\/\/archline.ch\/wp-content\/uploads\/2022\/02\/Projet-Colle\u0300ge-Latin-1-768x480.jpg 768w, https:\/\/archline.ch\/wp-content\/uploads\/2022\/02\/Projet-Colle\u0300ge-Latin-1-1200x750.jpg 1200w\" sizes=\"(max-width: 1024px) 100vw, 1024px\" \/><\/figure>\n\n\n\n<figure class=\"wp-block-image size-large\"><img loading=\"lazy\" decoding=\"async\" width=\"1024\" height=\"477\" data-id=\"1018\" src=\"https:\/\/archline.ch\/wp-content\/uploads\/2021\/09\/Primarschule-3-1024x477.jpg\" alt=\"\" class=\"wp-image-1018\" srcset=\"https:\/\/archline.ch\/wp-content\/uploads\/2021\/09\/Primarschule-3-1024x477.jpg 1024w, https:\/\/archline.ch\/wp-content\/uploads\/2021\/09\/Primarschule-3-300x140.jpg 300w, https:\/\/archline.ch\/wp-content\/uploads\/2021\/09\/Primarschule-3-768x358.jpg 768w, https:\/\/archline.ch\/wp-content\/uploads\/2021\/09\/Primarschule-3-1200x559.jpg 1200w\" sizes=\"(max-width: 1024px) 100vw, 1024px\" \/><\/figure>\n\n\n\n<figure class=\"wp-block-image size-large\"><img loading=\"lazy\" decoding=\"async\" width=\"1024\" height=\"713\" data-id=\"1006\" src=\"https:\/\/archline.ch\/wp-content\/uploads\/2021\/09\/Champagne-final-2.1-1024x713.jpg\" alt=\"\" class=\"wp-image-1006\" srcset=\"https:\/\/archline.ch\/wp-content\/uploads\/2021\/09\/Champagne-final-2.1-1024x713.jpg 1024w, https:\/\/archline.ch\/wp-content\/uploads\/2021\/09\/Champagne-final-2.1-300x209.jpg 300w, https:\/\/archline.ch\/wp-content\/uploads\/2021\/09\/Champagne-final-2.1-768x535.jpg 768w, https:\/\/archline.ch\/wp-content\/uploads\/2021\/09\/Champagne-final-2.1-1200x836.jpg 1200w\" sizes=\"(max-width: 1024px) 100vw, 1024px\" \/><\/figure>\n\n\n\n<figure class=\"wp-block-image size-large\"><img loading=\"lazy\" decoding=\"async\" width=\"1024\" height=\"741\" data-id=\"995\" src=\"https:\/\/archline.ch\/wp-content\/uploads\/2021\/09\/Champagne-final-1.1-1024x741.jpg\" alt=\"\" class=\"wp-image-995\" srcset=\"https:\/\/archline.ch\/wp-content\/uploads\/2021\/09\/Champagne-final-1.1-1024x741.jpg 1024w, https:\/\/archline.ch\/wp-content\/uploads\/2021\/09\/Champagne-final-1.1-300x217.jpg 300w, https:\/\/archline.ch\/wp-content\/uploads\/2021\/09\/Champagne-final-1.1-768x556.jpg 768w, https:\/\/archline.ch\/wp-content\/uploads\/2021\/09\/Champagne-final-1.1-1200x869.jpg 1200w\" sizes=\"(max-width: 1024px) 100vw, 1024px\" \/><figcaption class=\"wp-element-caption\">Concours Centre sportif Champagne 1.1<\/figcaption><\/figure>\n\n\n\n<figure class=\"wp-block-image size-large\"><img loading=\"lazy\" decoding=\"async\" width=\"1024\" height=\"723\" data-id=\"976\" src=\"https:\/\/archline.ch\/wp-content\/uploads\/2020\/10\/4.N-1024x723.jpg\" alt=\"\" class=\"wp-image-976\" srcset=\"https:\/\/archline.ch\/wp-content\/uploads\/2020\/10\/4.N-1024x723.jpg 1024w, https:\/\/archline.ch\/wp-content\/uploads\/2020\/10\/4.N-300x212.jpg 300w, https:\/\/archline.ch\/wp-content\/uploads\/2020\/10\/4.N-768x542.jpg 768w, https:\/\/archline.ch\/wp-content\/uploads\/2020\/10\/4.N-1200x847.jpg 1200w\" sizes=\"(max-width: 1024px) 100vw, 1024px\" \/><figcaption class=\"wp-element-caption\">4.N<\/figcaption><\/figure>\n\n\n\n<figure class=\"wp-block-image size-large\"><img loading=\"lazy\" decoding=\"async\" width=\"1024\" height=\"723\" data-id=\"967\" src=\"https:\/\/archline.ch\/wp-content\/uploads\/2020\/10\/1.N-1024x723.jpg\" alt=\"\" class=\"wp-image-967\" srcset=\"https:\/\/archline.ch\/wp-content\/uploads\/2020\/10\/1.N-1024x723.jpg 1024w, https:\/\/archline.ch\/wp-content\/uploads\/2020\/10\/1.N-300x212.jpg 300w, https:\/\/archline.ch\/wp-content\/uploads\/2020\/10\/1.N-768x542.jpg 768w, https:\/\/archline.ch\/wp-content\/uploads\/2020\/10\/1.N-1200x847.jpg 1200w\" sizes=\"(max-width: 1024px) 100vw, 1024px\" \/><figcaption class=\"wp-element-caption\">1.N<\/figcaption><\/figure>\n\n\n\n<figure class=\"wp-block-image size-large\"><img loading=\"lazy\" decoding=\"async\" width=\"1024\" height=\"723\" data-id=\"965\" src=\"https:\/\/archline.ch\/wp-content\/uploads\/2020\/10\/5.N-1024x723.jpg\" alt=\"\" class=\"wp-image-965\" srcset=\"https:\/\/archline.ch\/wp-content\/uploads\/2020\/10\/5.N-1024x723.jpg 1024w, https:\/\/archline.ch\/wp-content\/uploads\/2020\/10\/5.N-300x212.jpg 300w, https:\/\/archline.ch\/wp-content\/uploads\/2020\/10\/5.N-768x542.jpg 768w, https:\/\/archline.ch\/wp-content\/uploads\/2020\/10\/5.N-1200x847.jpg 1200w\" sizes=\"(max-width: 1024px) 100vw, 1024px\" \/><figcaption class=\"wp-element-caption\">5.N<\/figcaption><\/figure>\n\n\n\n<figure class=\"wp-block-image size-large\"><img loading=\"lazy\" decoding=\"async\" width=\"1024\" height=\"723\" data-id=\"964\" src=\"https:\/\/archline.ch\/wp-content\/uploads\/2020\/10\/3.N-1024x723.jpg\" alt=\"\" class=\"wp-image-964\" srcset=\"https:\/\/archline.ch\/wp-content\/uploads\/2020\/10\/3.N-1024x723.jpg 1024w, https:\/\/archline.ch\/wp-content\/uploads\/2020\/10\/3.N-300x212.jpg 300w, https:\/\/archline.ch\/wp-content\/uploads\/2020\/10\/3.N-768x542.jpg 768w, https:\/\/archline.ch\/wp-content\/uploads\/2020\/10\/3.N-1200x847.jpg 1200w\" sizes=\"(max-width: 1024px) 100vw, 1024px\" \/><figcaption class=\"wp-element-caption\">3.N<\/figcaption><\/figure>\n<\/figure>\n","protected":false},"excerpt":{"rendered":"<p>Ayant particip\u00e9 aux plusieurs projets d&rsquo;architecture nous assistons au d\u00e9veloppement des dessins pour le dossier de concours d&rsquo;architecture selon vos croquis. Un forfait sp\u00e9cial de 1790.- existe pour la r\u00e9alisation du dossier de concours en architecture.<\/p>\n","protected":false},"author":1,"featured_media":0,"parent":0,"menu_order":0,"comment_status":"closed","ping_status":"closed","template":"","meta":{"footnotes":""},"_links":{"self":[{"href":"https:\/\/archline.ch\/index.php\/wp-json\/wp\/v2\/pages\/1173"}],"collection":[{"href":"https:\/\/archline.ch\/index.php\/wp-json\/wp\/v2\/pages"}],"about":[{"href":"https:\/\/archline.ch\/index.php\/wp-json\/wp\/v2\/types\/page"}],"author":[{"embeddable":true,"href":"https:\/\/archline.ch\/index.php\/wp-json\/wp\/v2\/users\/1"}],"replies":[{"embeddable":true,"href":"https:\/\/archline.ch\/index.php\/wp-json\/wp\/v2\/comments?post=1173"}],"version-history":[{"count":5,"href":"https:\/\/archline.ch\/index.php\/wp-json\/wp\/v2\/pages\/1173\/revisions"}],"predecessor-version":[{"id":1390,"href":"https:\/\/archline.ch\/index.php\/wp-json\/wp\/v2\/pages\/1173\/revisions\/1390"}],"wp:attachment":[{"href":"https:\/\/archline.ch\/index.php\/wp-json\/wp\/v2\/media?parent=1173"}],"curies":[{"name":"wp","href":"https:\/\/api.w.org\/{rel}","templated":true}]}}

<p>Ayant participé aux plusieurs projets d&rsquo;architecture nous assistons au développement des dessins pour le dossier de concours d&rsquo;architecture  selon vos croquis.</p>



<p>Un forfait spécial de 1790.- existe pour la réalisation du dossier de concours en architecture.</p>



<figure class="wp-block-gallery has-nested-images columns-default is-cropped wp-block-gallery-1 is-layout-flex wp-block-gallery-is-layout-flex">
<figure class="wp-block-image size-large"><img loading="lazy" decoding="async" width="719" height="1024" data-id="1035" src="https://archline.ch/wp-content/uploads/2021/12/Phare-de-Genève-plans-coupes-situation-719x1024.jpg" alt="" class="wp-image-1035" srcset="https://archline.ch/wp-content/uploads/2021/12/Phare-de-Genève-plans-coupes-situation-719x1024.jpg 719w, https://archline.ch/wp-content/uploads/2021/12/Phare-de-Genève-plans-coupes-situation-211x300.jpg 211w, https://archline.ch/wp-content/uploads/2021/12/Phare-de-Genève-plans-coupes-situation-768x1093.jpg 768w, https://archline.ch/wp-content/uploads/2021/12/Phare-de-Genève-plans-coupes-situation-1200x1708.jpg 1200w" sizes="(max-width: 719px) 100vw, 719px" /></figure>



<figure class="wp-block-image size-large"><img loading="lazy" decoding="async" width="1024" height="431" data-id="1033" src="https://archline.ch/wp-content/uploads/2021/12/Phare-de-Genève-coupes-deux-1024x431.jpg" alt="" class="wp-image-1033" srcset="https://archline.ch/wp-content/uploads/2021/12/Phare-de-Genève-coupes-deux-1024x431.jpg 1024w, https://archline.ch/wp-content/uploads/2021/12/Phare-de-Genève-coupes-deux-300x126.jpg 300w, https://archline.ch/wp-content/uploads/2021/12/Phare-de-Genève-coupes-deux-768x323.jpg 768w, https://archline.ch/wp-content/uploads/2021/12/Phare-de-Genève-coupes-deux-1200x505.jpg 1200w" sizes="(max-width: 1024px) 100vw, 1024px" /></figure>



<figure class="wp-block-image size-large"><img loading="lazy" decoding="async" width="1024" height="609" data-id="1027" src="https://archline.ch/wp-content/uploads/2021/12/Phare-page-image-1-1024x609.jpg" alt="" class="wp-image-1027" srcset="https://archline.ch/wp-content/uploads/2021/12/Phare-page-image-1-1024x609.jpg 1024w, https://archline.ch/wp-content/uploads/2021/12/Phare-page-image-1-300x178.jpg 300w, https://archline.ch/wp-content/uploads/2021/12/Phare-page-image-1-768x457.jpg 768w, https://archline.ch/wp-content/uploads/2021/12/Phare-page-image-1-1200x714.jpg 1200w" sizes="(max-width: 1024px) 100vw, 1024px" /><figcaption class="wp-element-caption">Phare de Genève vue d&rsquo;ensemble 1</figcaption></figure>



<figure class="wp-block-image size-large"><img loading="lazy" decoding="async" width="1024" height="416" data-id="1031" src="https://archline.ch/wp-content/uploads/2021/12/Phare-de-Genève-coupes-1024x416.jpg" alt="" class="wp-image-1031" srcset="https://archline.ch/wp-content/uploads/2021/12/Phare-de-Genève-coupes-1024x416.jpg 1024w, https://archline.ch/wp-content/uploads/2021/12/Phare-de-Genève-coupes-300x122.jpg 300w, https://archline.ch/wp-content/uploads/2021/12/Phare-de-Genève-coupes-768x312.jpg 768w, https://archline.ch/wp-content/uploads/2021/12/Phare-de-Genève-coupes-1200x487.jpg 1200w" sizes="(max-width: 1024px) 100vw, 1024px" /></figure>



<figure class="wp-block-image size-large"><img loading="lazy" decoding="async" width="1024" height="862" data-id="1020" src="https://archline.ch/wp-content/uploads/2021/09/Primarschule-1024x862.jpg" alt="" class="wp-image-1020" srcset="https://archline.ch/wp-content/uploads/2021/09/Primarschule-1024x862.jpg 1024w, https://archline.ch/wp-content/uploads/2021/09/Primarschule-300x252.jpg 300w, https://archline.ch/wp-content/uploads/2021/09/Primarschule-768x646.jpg 768w, https://archline.ch/wp-content/uploads/2021/09/Primarschule-1200x1010.jpg 1200w, https://archline.ch/wp-content/uploads/2021/09/Primarschule.jpg 1604w" sizes="(max-width: 1024px) 100vw, 1024px" /></figure>



<figure class="wp-block-image size-large"><img loading="lazy" decoding="async" width="1024" height="640" data-id="1044" src="https://archline.ch/wp-content/uploads/2022/02/Projet-Collège-Latin-3-1024x640.jpg" alt="" class="wp-image-1044" srcset="https://archline.ch/wp-content/uploads/2022/02/Projet-Collège-Latin-3-1024x640.jpg 1024w, https://archline.ch/wp-content/uploads/2022/02/Projet-Collège-Latin-3-300x188.jpg 300w, https://archline.ch/wp-content/uploads/2022/02/Projet-Collège-Latin-3-768x480.jpg 768w, https://archline.ch/wp-content/uploads/2022/02/Projet-Collège-Latin-3-1200x750.jpg 1200w" sizes="(max-width: 1024px) 100vw, 1024px" /></figure>



<figure class="wp-block-image size-large"><img loading="lazy" decoding="async" width="1024" height="640" data-id="1042" src="https://archline.ch/wp-content/uploads/2022/02/Projet-Collège-Latin-2-1024x640.jpg" alt="" class="wp-image-1042" srcset="https://archline.ch/wp-content/uploads/2022/02/Projet-Collège-Latin-2-1024x640.jpg 1024w, https://archline.ch/wp-content/uploads/2022/02/Projet-Collège-Latin-2-300x188.jpg 300w, https://archline.ch/wp-content/uploads/2022/02/Projet-Collège-Latin-2-768x480.jpg 768w, https://archline.ch/wp-content/uploads/2022/02/Projet-Collège-Latin-2-1200x750.jpg 1200w" sizes="(max-width: 1024px) 100vw, 1024px" /></figure>



<figure class="wp-block-image size-large"><img loading="lazy" decoding="async" width="1024" height="640" data-id="1040" src="https://archline.ch/wp-content/uploads/2022/02/Projet-Collège-Latin-1-1024x640.jpg" alt="" class="wp-image-1040" srcset="https://archline.ch/wp-content/uploads/2022/02/Projet-Collège-Latin-1-1024x640.jpg 1024w, https://archline.ch/wp-content/uploads/2022/02/Projet-Collège-Latin-1-300x188.jpg 300w, https://archline.ch/wp-content/uploads/2022/02/Projet-Collège-Latin-1-768x480.jpg 768w, https://archline.ch/wp-content/uploads/2022/02/Projet-Collège-Latin-1-1200x750.jpg 1200w" sizes="(max-width: 1024px) 100vw, 1024px" /></figure>



<figure class="wp-block-image size-large"><img loading="lazy" decoding="async" width="1024" height="477" data-id="1018" src="https://archline.ch/wp-content/uploads/2021/09/Primarschule-3-1024x477.jpg" alt="" class="wp-image-1018" srcset="https://archline.ch/wp-content/uploads/2021/09/Primarschule-3-1024x477.jpg 1024w, https://archline.ch/wp-content/uploads/2021/09/Primarschule-3-300x140.jpg 300w, https://archline.ch/wp-content/uploads/2021/09/Primarschule-3-768x358.jpg 768w, https://archline.ch/wp-content/uploads/2021/09/Primarschule-3-1200x559.jpg 1200w" sizes="(max-width: 1024px) 100vw, 1024px" /></figure>



<figure class="wp-block-image size-large"><img loading="lazy" decoding="async" width="1024" height="713" data-id="1006" src="https://archline.ch/wp-content/uploads/2021/09/Champagne-final-2.1-1024x713.jpg" alt="" class="wp-image-1006" srcset="https://archline.ch/wp-content/uploads/2021/09/Champagne-final-2.1-1024x713.jpg 1024w, https://archline.ch/wp-content/uploads/2021/09/Champagne-final-2.1-300x209.jpg 300w, https://archline.ch/wp-content/uploads/2021/09/Champagne-final-2.1-768x535.jpg 768w, https://archline.ch/wp-content/uploads/2021/09/Champagne-final-2.1-1200x836.jpg 1200w" sizes="(max-width: 1024px) 100vw, 1024px" /></figure>



<figure class="wp-block-image size-large"><img loading="lazy" decoding="async" width="1024" height="741" data-id="995" src="https://archline.ch/wp-content/uploads/2021/09/Champagne-final-1.1-1024x741.jpg" alt="" class="wp-image-995" srcset="https://archline.ch/wp-content/uploads/2021/09/Champagne-final-1.1-1024x741.jpg 1024w, https://archline.ch/wp-content/uploads/2021/09/Champagne-final-1.1-300x217.jpg 300w, https://archline.ch/wp-content/uploads/2021/09/Champagne-final-1.1-768x556.jpg 768w, https://archline.ch/wp-content/uploads/2021/09/Champagne-final-1.1-1200x869.jpg 1200w" sizes="(max-width: 1024px) 100vw, 1024px" /><figcaption class="wp-element-caption">Concours Centre sportif Champagne 1.1</figcaption></figure>



<figure class="wp-block-image size-large"><img loading="lazy" decoding="async" width="1024" height="723" data-id="976" src="https://archline.ch/wp-content/uploads/2020/10/4.N-1024x723.jpg" alt="" class="wp-image-976" srcset="https://archline.ch/wp-content/uploads/2020/10/4.N-1024x723.jpg 1024w, https://archline.ch/wp-content/uploads/2020/10/4.N-300x212.jpg 300w, https://archline.ch/wp-content/uploads/2020/10/4.N-768x542.jpg 768w, https://archline.ch/wp-content/uploads/2020/10/4.N-1200x847.jpg 1200w" sizes="(max-width: 1024px) 100vw, 1024px" /><figcaption class="wp-element-caption">4.N</figcaption></figure>



<figure class="wp-block-image size-large"><img loading="lazy" decoding="async" width="1024" height="723" data-id="967" src="https://archline.ch/wp-content/uploads/2020/10/1.N-1024x723.jpg" alt="" class="wp-image-967" srcset="https://archline.ch/wp-content/uploads/2020/10/1.N-1024x723.jpg 1024w, https://archline.ch/wp-content/uploads/2020/10/1.N-300x212.jpg 300w, https://archline.ch/wp-content/uploads/2020/10/1.N-768x542.jpg 768w, https://archline.ch/wp-content/uploads/2020/10/1.N-1200x847.jpg 1200w" sizes="(max-width: 1024px) 100vw, 1024px" /><figcaption class="wp-element-caption">1.N</figcaption></figure>



<figure class="wp-block-image size-large"><img loading="lazy" decoding="async" width="1024" height="723" data-id="965" src="https://archline.ch/wp-content/uploads/2020/10/5.N-1024x723.jpg" alt="" class="wp-image-965" srcset="https://archline.ch/wp-content/uploads/2020/10/5.N-1024x723.jpg 1024w, https://archline.ch/wp-content/uploads/2020/10/5.N-300x212.jpg 300w, https://archline.ch/wp-content/uploads/2020/10/5.N-768x542.jpg 768w, https://archline.ch/wp-content/uploads/2020/10/5.N-1200x847.jpg 1200w" sizes="(max-width: 1024px) 100vw, 1024px" /><figcaption class="wp-element-caption">5.N</figcaption></figure>



<figure class="wp-block-image size-large"><img loading="lazy" decoding="async" width="1024" height="723" data-id="964" src="https://archline.ch/wp-content/uploads/2020/10/3.N-1024x723.jpg" alt="" class="wp-image-964" srcset="https://archline.ch/wp-content/uploads/2020/10/3.N-1024x723.jpg 1024w, https://archline.ch/wp-content/uploads/2020/10/3.N-300x212.jpg 300w, https://archline.ch/wp-content/uploads/2020/10/3.N-768x542.jpg 768w, https://archline.ch/wp-content/uploads/2020/10/3.N-1200x847.jpg 1200w" sizes="(max-width: 1024px) 100vw, 1024px" /><figcaption class="wp-element-caption">3.N</figcaption></figure>
</figure>

<p>Ayant participé aux plusieurs projets d&rsquo;architecture nous assistons au développement des dessins pour le dossier de concours d&rsquo;architecture selon vos croquis. Un forfait spécial de 1790.- existe pour la réalisation du dossier de concours en architecture.</p>
